{"id":61,"date":"2014-08-10T16:32:54","date_gmt":"2014-08-10T13:32:54","guid":{"rendered":"http:\/\/putnieks.info\/?page_id=61"},"modified":"2023-02-22T20:15:30","modified_gmt":"2023-02-22T17:15:30","slug":"zems-pasnovertejums","status":"publish","type":"page","link":"https:\/\/ineseputniece.lv\/?page_id=61","title":{"rendered":"Zems pa\u0161nov\u0113rt\u0113jums"},"content":{"rendered":"","protected":false},"excerpt":{"rendered":"","protected":false},"author":1,"featured_media":0,"parent":32,"menu_order":0,"comment_status":"closed","ping_status":"closed","template":"","meta":{"footnotes":""},"_links":{"self":[{"href":"https:\/\/ineseputniece.lv\/index.php?rest_route=\/wp\/v2\/pages\/61"}],"collection":[{"href":"https:\/\/ineseputniece.lv\/index.php?rest_route=\/wp\/v2\/pages"}],"about":[{"href":"https:\/\/ineseputniece.lv\/index.php?rest_route=\/wp\/v2\/types\/page"}],"author":[{"embeddable":true,"href":"https:\/\/ineseputniece.lv\/index.php?rest_route=\/wp\/v2\/users\/1"}],"replies":[{"embeddable":true,"href":"https:\/\/ineseputniece.lv\/index.php?rest_route=%2Fwp%2Fv2%2Fcomments&post=61"}],"version-history":[{"count":0,"href":"https:\/\/ineseputniece.lv\/index.php?rest_route=\/wp\/v2\/pages\/61\/revisions"}],"up":[{"embeddable":true,"href":"https:\/\/ineseputniece.lv\/index.php?rest_route=\/wp\/v2\/pages\/32"}],"wp:attachment":[{"href":"https:\/\/ineseputniece.lv\/index.php?rest_route=%2Fwp%2Fv2%2Fmedia&parent=61"}],"curies":[{"name":"wp","href":"https:\/\/api.w.org\/{rel}","templated":true}]}}