{"id":2,"date":"2014-04-08T08:42:52","date_gmt":"2014-04-08T08:42:52","guid":{"rendered":"http:\/\/putnieks.info\/?page_id=2"},"modified":"2023-02-22T19:42:58","modified_gmt":"2023-02-22T16:42:58","slug":"curriculum-vitae","status":"publish","type":"page","link":"https:\/\/ineseputniece.lv\/?page_id=2","title":{"rendered":"Curriculum Vitae"},"content":{"rendered":"<p>2003.gad\u0101 esmu ieguvusi soci\u0101lo zin\u0101t\u0146u ma\u0123istra gr\u0101du ar specializ\u0101ciju kl\u012bniskaj\u0101 psiholo\u0123ij\u0101. Vi\u013c\u0146as universit\u0101t\u0113 Psihiatrijas kl\u012bnikas P\u0113cdiploma apm\u0101c\u012bbas fakult\u0101t\u0113 esmu ieguvusi Individu\u0101l\u0101 psihodinamisk\u0101 psihoterapeita kvalifik\u0101ciju. No 2008.gada esmu uzs\u0101kusi studijas Latvijas universit\u0101tes Psiholo\u0123ijas doktorant\u016br\u0101.<br \/>\nKop\u0161 1995.gada nemit\u012bgi papildinot savu izgl\u012bt\u012bbu, apmekl\u0113ju kursus, piedalos semin\u0101ros un kongresos Latvij\u0101 un \u0101rvalst\u012bs, esmu las\u012bjusi lekcijas k\u0101 vieslektors Leipcigas universit\u0101t\u0113 V\u0101cij\u0101.<\/p>\n<p>Savu profesion\u0101lo darb\u012bbu k\u0101 psihologs uzs\u0101ku 2000.gad\u0101, str\u0101d\u0101jot R\u012bgas Psihiatrijas un Narkolo\u0123ijas centra (tobr\u012bd Gar\u012bg\u0101s Vesel\u012bbas Valsts a\u0123ent\u016bra) piespiedu \u0101rst\u0113\u0161anas noda\u013c\u0101 pacientiem ar gar\u012bga rakstura trauc\u0113jumiem. V\u0113l\u0101k savu profesion\u0101lo att\u012bst\u012bbu esmu virz\u012bjusi gan praktiskaj\u0101 jom\u0101, str\u0101d\u0101jot Valsts Darbsp\u0113ju \u0101rstu ekspert\u012bz\u0113 k\u0101 eksperts \u2013 psihologs, kur tiek lemti jaut\u0101jumi par invalidit\u0101tes pie\u0161\u0137ir\u0161anu b\u0113rniem ar psihisk\u0101s att\u012bst\u012bbas trauc\u0113jumiem, gan str\u0101d\u0101jot par pasniedz\u0113ju R\u012bgas pedago\u0123ijas un izgl\u012bt\u012bbas vad\u012bbas akad\u0113mij\u0101 \u2013 lasot lekcijas un vadot praktisk\u0101s nodarb\u012bbas. \u0160obr\u012bd str\u0101d\u0101ju ar\u012b M\u0101rupes pagasta Soci\u0101laj\u0101 dienest\u0101 ar \u0123imen\u0113m un b\u0113rniem, kas paredz pla\u0161u sadarb\u012bbu ar B\u0101ri\u0146ties\u0101m un kr\u012b\u017eu centriem, sniedzot atzinumus gan kr\u012b\u017eu gad\u012bjumos par iesp\u0113jamo vardarb\u012bbu \u0123imen\u0113s vai \u0101rpus t\u0101m, gan laul\u012bbu \u0161\u0137ir\u0161anu gad\u012bjumos, k\u0101 ar\u012b izv\u0113rt\u0113jot adopcijas, aizbildn\u012bbas vai vies\u0123ime\u0146u statusa pretendentu piem\u0113rot\u012bbu. T\u0101pat vadu atbalsta grupas ilgsto\u0161iem bezdarbniekiem, organiz\u0113ju izgl\u012btojo\u0161as lekcijas par b\u0113rnu audzin\u0101\u0161anu vi\u0146u vec\u0101kiem, paral\u0113li organiz\u0113ju un vadu lekcijas un praktiskas nodarb\u012bbas pedagogiem un soci\u0101lajiem darbiniekiem. Kop\u0161 2006.gada str\u0101d\u0101ju ar\u012b k\u0101 supervizors psihologiem, soci\u0101lajiem darbiniekiem, esmu piedal\u012bjusies individu\u0101laj\u0101 Norv\u0113\u0123ijas fins\u0113t\u0101 projekt\u0101 k\u0101 supervizors Valsts Prob\u0101cijas dienesta darbiniekiem darb\u0101 ar dzimumnoziedzniekiem.<\/p>\n<p>Kop\u0161 2000.gada str\u0101d\u0101ju individu\u0101li ar klientiem priv\u0101tpraks\u0113 k\u0101 kl\u012bniskais psihologs, bet kop\u0161 2005.gada k\u0101 psihodinamiskais psihoterapeits.<\/p>\n<p>Uz doto br\u012bdi man ir akt\u012bvs gan kl\u012bnisk\u0101 psihologa sertifik\u0101ts, gan LPB psihoterapeita sertifik\u0101ts nr 0241, kuri tiek regul\u0101ri atjaunoti un at\u013cauj str\u0101d\u0101t Latvijas likumdo\u0161an\u0101 noteiktaj\u0101 k\u0101rt\u012bb\u0101.<\/p>\n<p>Esmu Latvijas Kl\u012bnisko psihologu biedr\u012bbas un akt\u012bvs Latvijas Psihoterapeitu biedr\u012bbas biedrs, Latvijas Psihodinamisko psihoterapeitu valdes loceklis.<\/p>\n<p>DARBA VALODAS latvie\u0161u, krievu, ang\u013cu=&gt; uz ang\u013cu valodu.<\/p>\n<p><!--:--><\/p>\n","protected":false},"excerpt":{"rendered":"<p>2003.gad\u0101 esmu ieguvusi soci\u0101lo zin\u0101t\u0146u ma\u0123istra gr\u0101du ar specializ\u0101ciju kl\u012bniskaj\u0101 psiholo\u0123ij\u0101. Vi\u013c\u0146as universit\u0101t\u0113 Psihiatrijas kl\u012bnikas P\u0113cdiploma apm\u0101c\u012bbas fakult\u0101t\u0113 esmu ieguvusi Individu\u0101l\u0101 psihodinamisk\u0101 psihoterapeita kvalifik\u0101ciju. No 2008.gada esmu uzs\u0101kusi studijas Latvijas universit\u0101tes Psiholo\u0123ijas doktorant\u016br\u0101. Kop\u0161 1995.gada nemit\u012bgi papildinot savu izgl\u012bt\u012bbu, apmekl\u0113ju kursus, piedalos semin\u0101ros un kongresos Latvij\u0101 un \u0101rvalst\u012bs, esmu las\u012bjusi lekcijas k\u0101 vieslektors Leipcigas universit\u0101t\u0113 [&hellip;]<\/p>\n","protected":false},"author":1,"featured_media":0,"parent":0,"menu_order":0,"comment_status":"open","ping_status":"open","template":"","meta":{"footnotes":""},"_links":{"self":[{"href":"https:\/\/ineseputniece.lv\/index.php?rest_route=\/wp\/v2\/pages\/2"}],"collection":[{"href":"https:\/\/ineseputniece.lv\/index.php?rest_route=\/wp\/v2\/pages"}],"about":[{"href":"https:\/\/ineseputniece.lv\/index.php?rest_route=\/wp\/v2\/types\/page"}],"author":[{"embeddable":true,"href":"https:\/\/ineseputniece.lv\/index.php?rest_route=\/wp\/v2\/users\/1"}],"replies":[{"embeddable":true,"href":"https:\/\/ineseputniece.lv\/index.php?rest_route=%2Fwp%2Fv2%2Fcomments&post=2"}],"version-history":[{"count":0,"href":"https:\/\/ineseputniece.lv\/index.php?rest_route=\/wp\/v2\/pages\/2\/revisions"}],"wp:attachment":[{"href":"https:\/\/ineseputniece.lv\/index.php?rest_route=%2Fwp%2Fv2%2Fmedia&parent=2"}],"curies":[{"name":"wp","href":"https:\/\/api.w.org\/{rel}","templated":true}]}}